*2 - 3*z - 5. Let i be q(13). What is the tens digit of (7 - (-105)/(-14))/(1/i)?
9
Let z(q) = -3*q**3 - 25*q**2 - 21*q - 59. What is the hundreds digit of z(-12)?
7
Suppose 3*f - 7395 = -5*p, 4*f + 2*p - 4615 = 5259. What is the thousands digit of f?
2
Let q(w) = -w**3 + 4*w**2 + 5*w - 5. Let g be q(5). Let x(p) = 2*p + 12. Let d be x(g). What is the tens digit of 24 + 3 + d + -3?
2
Suppose -6889 = -5*v - 3*s, 0*s = 2*v - 3*s - 2743. Suppose -11*z + 3*z + v = 0. What is the hundreds digit of z?
1
Let c = 800 + 440. What is the units digit of c?
0
Let f(s) = 394*s - 435. What is the tens digit of f(7)?
2
Suppose 14785 = 89*x - 84*x. What is the thousands digit of x?
2
Let h(v) = -v + 1. Let o be h(-2). Suppose -d + o*a = -2*a, -a = 3*d. Let f = 10 + d. What is the tens digit of f?
1
Suppose -27*m + 24 = -25*m. Let y = m - -12. What is the units digit of y?
4
Let b(q) = q**2 + 3*q - 8. Let t be b(-6). Let l be (-1)/4 - t/(-40). Let u(z) = -z**3 - z**2 + z + 19. What is the units digit of u(l)?
9
Suppose 2*o - 4*d = 16, -2*o - d + 6 = -5. Suppose -o*r + 0*r = -30. Let p = 23 + r. What is the tens digit of p?
2
Let b(m) = -7 - 4 + 4 + m**3 + 7*m**2 - m. Let l be b(-7). Suppose l*q + 4 = 2*q - 3*r, q = r + 2. What is the units digit of q?
2
Suppose -i = -4*i + 15. Suppose -16 = -2*u + i*a + 102, 0 = -2*a. What is the units digit of u?
9
Let f(m) = m**3 + 5*m**2 - 5*m - 3. Let k be f(-5). Suppose -x + 18 = -k. Let h = x - 24. What is the units digit of h?
6
Let v(h) = 5*h**2 - 13*h - 11. Let g(n) = 9*n**2 - 27*n - 21. Let t(k) = 6*g(k) - 11*v(k). What is the tens digit of t(-16)?
4
Suppose -z = 6*d - 5*d - 1633, -2*z + 4*d + 3266 = 0. What is the thousands digit of z?
1
Let o = -202 + 1123. What is the tens digit of o?
2
Suppose -g - g = -18. Let i = g - -7. Let o = 35 + i. What is the units digit of o?
1
Suppose 38*h = 19*h + 22553. What is the hundreds digit of h?
1
Let s(o) = o**3 - 16*o**2 + 14*o + 17. Let c be s(15). Suppose -4*g - g - 173 = -3*b, -b = -c*g - 59. What is the tens digit of b?
5
Let m(y) = 8*y - 22. Let v be m(-13). Let g = 203 + v. What is the units digit of g?
7
Let s = -1514 - -3594. What is the hundreds digit of s?
0
Suppose -10601 = -4*u - 2853. What is the hundreds digit of u?
9
Let f = -745 + 1188. What is the units digit of f?
3
Let h(o) = 8*o - 13. Let x be h(6). Suppose -w - b + 0*b = -5, x = 5*w + 3*b. What is the units digit of w?
0
Let m = 84 - -148. What is the hundreds digit of m + (8/2 - 4)/1?
2
Let j = -1007 - -1667. What is the units digit of j?
0
Suppose -4*q + 4 = -3*q. Let z = -2 - -4. Suppose 0*s + 2*s + y = z, -q*s - 4*y + 4 = 0. What is the units digit of s?
1
Suppose 0 = -4*x - r + 285, 2*x + r + 2*r = 155. Suppose 8*a - x = 26. What is the tens digit of a?
1
Let c(b) = b**3 - 8*b**2 + 12*b. Suppose 5*v = 3*m + 30, -2*v + 2 = -4*m - 10. Let i be c(v). Suppose a - 4*a + 153 = i. What is the units digit of a?
1
Let l = 3262 + 735. What is the tens digit of l?
9
What is the tens digit of -130*(-24)/9 - (-16)/(-24)?
4
Suppose 20*b = 86*b - 60456. What is the hundreds digit of b?
9
Let b = 1092 + -284. What is the tens digit of b?
0
What is the units digit of 6/(-3 + 4734/1576)?
6
Let q(x) be the third derivative of -x**5/15 + x**4/24 + 7*x**3/6 - 45*x**2. What is the units digit of q(0)?
7
Let x(l) = 3*l**2 - 28*l + 11. Let f(k) = -k**2 + 14*k - 6. Let r(i) = -5*f(i) - 2*x(i). What is the units digit of r(-7)?
7
Let q(h) be the third derivative of h**6/120 + h**5/6 + 7*h**4/24 + h**3/3 - 17*h**2. What is the units digit of q(-8)?
4
Suppose 5*b - 2*o = o + 1065, 3*b - 3*o = 639. What is the hundreds digit of b?
2
Suppose 4*y - 394 = y + m, -4*y - 5*m + 538 = 0. Let i = y + 3. What is the units digit of i?
5
Let r = 72 + -29. Let b = r - -162. What is the units digit of b?
5
Let r(j) = j**2 - 2*j - 3. Let u be r(-2). Suppose -28 - 57 = -u*t. Suppose 0 = 5*s + 2*d - 83, -4*d + 14 = s - t. What is the units digit of s?
5
Let a = 235 + -167. Let g be a/(-6)*(-27)/6. Suppose -2*p = -0*p + w - 27, -4*p = 5*w - g. What is the tens digit of p?
1
Let v be (-1166)/(-18) + 14/63. Let t = v - 36. Let y = -8 + t. What is the units digit of y?
1
Suppose 0 = -39*w + 49*w - 12610. What is the units digit of w?
1
Let n be (0 - 8) + 555/37. Let f(j) = -j + 5*j - 6 + 2*j. What is the units digit of f(n)?
6
Let j(u) = 6 + 25*u - u**2 - 2*u + 11 - 1. What is the tens digit of j(13)?
4
Let i = -2930 - -6729. What is the units digit of i?
9
Let p be ((-28)/(-24))/7 + 23/6. Suppose -27 - 59 = -2*n - p*c, 125 = 3*n + 5*c. What is the tens digit of n?
3
Suppose 4*g + 3184 = 6*z - 4*z, 7976 = 5*z - 2*g. What is the thousands digit of z?
1
Suppose -9*l = -6*l - 72. Let b = l - 18. What is the units digit of b?
6
Let b be (-48)/20*(-45)/2. Let x = b + 29. What is the units digit of x?
3
Let m(f) = 149*f**2 + 2*f - 20. What is the hundreds digit of m(4)?
3
What is the hundreds digit of 20/35 + (-8300)/(-28)?
2
What is the tens digit of 4/9 + 74390/90?
2
Let j(t) = 2*t - 1. Let k be j(2). Let y be k/4*72/1. Suppose 0 = -q - 1 - 0, 3*q - y = -v. What is the tens digit of v?
5
Let j(z) be the second derivative of -z**3/6 - 13*z**2/2 - z. Let p be j(-14). What is the units digit of p - -29 - (3 + 0)?
7
Let r = 2 + -6. What is the units digit of r/(0 + 2/(-36))?
2
Let j(t) = t**3 + 7*t**2 + 4. Let i be j(-7). Suppose i*b = -2*u - 8, -3*b = -4*u - 2*b + 11. What is the units digit of u?
2
Let p be (-240)/25*5*-2. Suppose y = -4*x + p, y + x - 100 = -2*x. What is the units digit of y?
2
Suppose 0 = -5*n + 5*g - 65, -4*n - 3*g - 17 + 0 = 0. What is the units digit of 2/(-8) - (714/n - 6)?
5
Let h be 10/35 + (-200)/14. What is the units digit of (-48)/h - 9/21 - -24?
7
Let h(o) = -4*o + 19. What is the units digit of h(4)?
3
Let n be -1*18/15*-5. Let x(q) = 27*q - 43. What is the hundreds digit of x(n)?
1
Let n = 4557 - 2632. What is the units digit of n?
5
Let b = -9 - -13. Suppose 0 = 2*s - b - 4. Suppose s*a - 52 = 5*v, -5*a = -6*a + 3*v + 6. What is the units digit of a?
8
Suppose -3*i + 8174 = -250. What is the tens digit of i?
0
Let f(g) = -726*g - 362. What is the thousands digit of f(-6)?
3
Let f = 1219 + -821. What is the hundreds digit of f?
3
Suppose 7*g - 2*g = -4*i + 15, -2*g - 2*i = -6. What is the tens digit of 221 - (g + (-5 - 3))?
2
Let a(c) = -c**3 - 7*c**2 + 10*c + 20. Let j be a(-8). What is the units digit of j*(-1)/(4/(-88))?
8
Let y(p) = 6*p**2 - 5*p + 3. Let b be y(1). Suppose s = -s + 2. What is the units digit of s + -1 + b/4?
1
Suppose -8*b + 4*b = -16. Suppose -b = -2*r + 8. What is the units digit of 4 + 0/(r/3)?
4
Let l(m) = 2 - 4 + 2 + 31*m**2. What is the tens digit of l(-1)?
3
Let g = 231 + 760. What is the hundreds digit of g?
9
Suppose 8 - 43 = -5*s. Suppose 0 = -y + 3 + s. Suppose 115 = 3*g - 5*u, 4*u + 10 = -y. What is the tens digit of g?
3
Let s = -1741 - -3277. What is the tens digit of s?
3
What is the units digit of ((15/(-2))/(-5))/((-6)/(-1172))?
3
Let f be 15 + -19 - (-2 + -5 + -2). Suppose -f*x = j - 218, 3*x - 2*j - 154 + 18 = 0. What is the tens digit of x?
4
Suppose 5890 = -25*c + 20840. What is the units digit of c?
8
Suppose 4*n - 20 = -n. Suppose 0 = 3*d - n*d + 25. What is the tens digit of d?
2
Let s(g) = 31*g**3 - 3*g**2 - 9*g + 17. What is the tens digit of s(3)?
0
Let w(j) = 2*j + 7. Let p be w(-8). Let d = 11 + p. What is the units digit of ((-12)/(-4))/1 + d?
5
Suppose 0 = -4*i + 447 - 391. What is the tens digit of i?
1
Suppose -4*p - 5*x = p, 2*p = x + 9. Suppose p*r - 6*r = -87. What is the units digit of r?
9
Let v(s) be the second derivative of 6*s - 1/12*s**4 - 7/3*s**3 - 5/2*s**2 + 0. What is the tens digit of v(-9)?
4
Let z = 38 + -78. What is the tens digit of (z/(-5) - -3)*13?
4
Let j(b) = -18*b - 17. Let g(y) = -17*y - 16. Let h(z) = 4*g(z) - 3*j(z). What is the tens digit of h(-9)?
1
Let n = 147 + -91. Suppose 3*i - 124 = 4*p, -4*i - 4*p = -128 - n. What is the tens digit of i?
4
Let z(w) = -2*w**2 + w - 1. Let c(r) = -11*r**2 + 23*r. Let s(h) = -c(h) + 6*z(h). Let y(o) = -12*o**2. Let g be y(1). What is the tens digit of s(g)?
5
Let a(t) = -t**3 + 4*t**2 + t - 2. Let z be a(3). Suppose 0*r = -2*r + z. Suppose 2*m = -3*l + 128, 5*l - 3*l + r*m - 89 = 0. What is the units d